{"id":5697,"date":"2023-03-07T09:45:58","date_gmt":"2023-03-07T08:45:58","guid":{"rendered":"https:\/\/cat-sly.com\/?product=hoodie-with-logo"},"modified":"2023-10-31T10:38:54","modified_gmt":"2023-10-31T09:38:54","slug":"hoodie-with-logo","status":"publish","type":"product","link":"https:\/\/cat-sly.com\/?product=hoodie-with-logo","title":{"rendered":"Hern\u00f6 Dry Classic"},"content":{"rendered":"<div class=\"elementor-element elementor-element-c457d66 elementor-widget elementor-widget-text-editor\" data-id=\"c457d66\" data-element_type=\"widget\" data-widget_type=\"text-editor.default\">\n<div class=\"elementor-widget-container\">\n<p>Fabriqu\u00e9 \u00e0 partir de plantes biologiques naturelles et soigneusement s\u00e9lectionn\u00e9es, Hern\u00f6 Dry Gin est un London Dry Gin rond et onctueux dilu\u00e9 \u00e0 40,5% ABV. Il a \u00e9t\u00e9 \u00e9lu \u00ab\u00a0Meilleur London Dry Gin du monde\u00a0\u00bb lors de l\u2019IWSC (International Wine &amp; Spirit Competition), et le \u00ab\u00a0Meilleur Gin &amp; Tonic du monde\u00a0\u00bb.<\/p>\n<p>NOTES DE DEGUSTATION<\/p>\n<p>NEZ : Hern\u00f6 Dry Gin a un caract\u00e8re rond compos\u00e9 de gen\u00e9vriers, de notes fra\u00eeches d\u2019agrumes avec une complexit\u00e9 florale.<\/p>\n<p>PALAIS : Une texture riche et l\u00e9g\u00e8rement huileuse caract\u00e9rise Hern\u00f6 Dry Gin. Notes vertes et \u00e9pic\u00e9es fra\u00eeches et croquantes de la coriandre. Une douceur moelleuse associ\u00e9e \u00e0 la vanille et \u00e0 l\u2019\u00e9corce de cassia.<\/p>\n<p>FINITION : Hern\u00f6 Dry Gin s\u2019attarde sur des agrumes et du gen\u00e9vrier de longue dur\u00e9e avec un soup\u00e7on de poivre noir.<\/p>\n<\/div>\n<\/div>\n","protected":false},"excerpt":{"rendered":"<p>Hern\u00f6 Dry Gin Classic 40,5 %<\/p>\n","protected":false},"featured_media":5914,"comment_status":"open","ping_status":"closed","template":"","meta":{"om_disable_all_campaigns":false,"_mi_skip_tracking":false,"_monsterinsights_sitenote_active":false,"_monsterinsights_sitenote_note":"","_monsterinsights_sitenote_category":0},"product_cat":[102],"product_tag":[105,104,107,106,108,103],"yoast_head":"<!-- This site is optimized with the Yoast SEO plugin v21.5 - https:\/\/yoast.com\/wordpress\/plugins\/seo\/ -->\n<title>Hern\u00f6 Dry Classic - Cat &amp; Sly International<\/title>\n<meta name=\"description\" content=\"Fabriqu\u00e9 \u00e0 partir de plantes biologiques naturelles et soigneusement s\u00e9lectionn\u00e9es, Hern\u00f6 Dry Gin est un London Dry Gin rond et onctueux dilu\u00e9 \u00e0 40,5% ABV. Il a \u00e9t\u00e9 \u00e9lu \u00ab\u00a0Meilleur London Dry Gin du monde\u00a0\u00bb lors de l\u2019IWSC (International Wine &amp; Spirit Competition), et le \u00ab\u00a0Meilleur Gin &amp; Tonic du monde\u00a0\u00bb.\" \/>\n<meta name=\"robots\" content=\"index, follow, max-snippet:-1, max-image-preview:large, max-video-preview:-1\" \/>\n<link rel=\"canonical\" href=\"https:\/\/cat-sly.com\/?product=hoodie-with-logo\" \/>\n<meta property=\"og:locale\" content=\"fr_FR\" \/>\n<meta property=\"og:type\" content=\"article\" \/>\n<meta property=\"og:title\" content=\"Hern\u00f6 Dry Classic - Cat &amp; Sly International\" \/>\n<meta property=\"og:description\" content=\"Fabriqu\u00e9 \u00e0 partir de plantes biologiques naturelles et soigneusement s\u00e9lectionn\u00e9es, Hern\u00f6 Dry Gin est un London Dry Gin rond et onctueux dilu\u00e9 \u00e0 40,5% ABV. Il a \u00e9t\u00e9 \u00e9lu \u00ab\u00a0Meilleur London Dry Gin du monde\u00a0\u00bb lors de l\u2019IWSC (International Wine &amp; Spirit Competition), et le \u00ab\u00a0Meilleur Gin &amp; Tonic du monde\u00a0\u00bb.\" \/>\n<meta property=\"og:url\" content=\"https:\/\/cat-sly.com\/?product=hoodie-with-logo\" \/>\n<meta property=\"og:site_name\" content=\"Cat &amp; Sly International\" \/>\n<meta property=\"article:publisher\" content=\"https:\/\/www.facebook.com\/CatSlyInt\" \/>\n<meta property=\"article:modified_time\" content=\"2023-10-31T09:38:54+00:00\" \/>\n<meta property=\"og:image\" content=\"http:\/\/cat-sly.com\/wp-content\/uploads\/2023\/03\/herno-dry--e1683554183781.jpg\" \/>\n\t<meta property=\"og:image:width\" content=\"696\" \/>\n\t<meta property=\"og:image:height\" content=\"1265\" \/>\n\t<meta property=\"og:image:type\" content=\"image\/jpeg\" \/>\n<meta name=\"twitter:card\" content=\"summary_large_image\" \/>\n<meta name=\"twitter:label1\" content=\"Dur\u00e9e de lecture estim\u00e9e\" \/>\n\t<meta name=\"twitter:data1\" content=\"1 minute\" \/>\n<script type=\"application\/ld+json\" class=\"yoast-schema-graph\">{\"@context\":\"https:\/\/schema.org\",\"@graph\":[{\"@type\":\"WebPage\",\"@id\":\"https:\/\/cat-sly.com\/?product=hoodie-with-logo\",\"url\":\"https:\/\/cat-sly.com\/?product=hoodie-with-logo\",\"name\":\"Hern\u00f6 Dry Classic - Cat &amp; Sly International\",\"isPartOf\":{\"@id\":\"https:\/\/cat-sly.com\/#website\"},\"datePublished\":\"2023-03-07T08:45:58+00:00\",\"dateModified\":\"2023-10-31T09:38:54+00:00\",\"description\":\"Fabriqu\u00e9 \u00e0 partir de plantes biologiques naturelles et soigneusement s\u00e9lectionn\u00e9es, Hern\u00f6 Dry Gin est un London Dry Gin rond et onctueux dilu\u00e9 \u00e0 40,5% ABV. Il a \u00e9t\u00e9 \u00e9lu \u00ab\u00a0Meilleur London Dry Gin du monde\u00a0\u00bb lors de l\u2019IWSC (International Wine & Spirit Competition), et le \u00ab\u00a0Meilleur Gin & Tonic du monde\u00a0\u00bb.\",\"breadcrumb\":{\"@id\":\"https:\/\/cat-sly.com\/?product=hoodie-with-logo#breadcrumb\"},\"inLanguage\":\"fr-FR\",\"potentialAction\":[{\"@type\":\"ReadAction\",\"target\":[\"https:\/\/cat-sly.com\/?product=hoodie-with-logo\"]}]},{\"@type\":\"BreadcrumbList\",\"@id\":\"https:\/\/cat-sly.com\/?product=hoodie-with-logo#breadcrumb\",\"itemListElement\":[{\"@type\":\"ListItem\",\"position\":1,\"name\":\"Home\",\"item\":\"https:\/\/cat-sly.com\/\"},{\"@type\":\"ListItem\",\"position\":2,\"name\":\"Boutique\",\"item\":\"https:\/\/cat-sly.com\/?page_id=5754\"},{\"@type\":\"ListItem\",\"position\":3,\"name\":\"Hern\u00f6 Dry Classic\"}]},{\"@type\":\"WebSite\",\"@id\":\"https:\/\/cat-sly.com\/#website\",\"url\":\"https:\/\/cat-sly.com\/\",\"name\":\"Cat & Sly International\",\"description\":\"Un Go\u00fbt Nordique\",\"publisher\":{\"@id\":\"https:\/\/cat-sly.com\/#organization\"},\"potentialAction\":[{\"@type\":\"SearchAction\",\"target\":{\"@type\":\"EntryPoint\",\"urlTemplate\":\"https:\/\/cat-sly.com\/?s={search_term_string}\"},\"query-input\":\"required name=search_term_string\"}],\"inLanguage\":\"fr-FR\"},{\"@type\":\"Organization\",\"@id\":\"https:\/\/cat-sly.com\/#organization\",\"name\":\"Cat & Sly International\",\"url\":\"https:\/\/cat-sly.com\/\",\"logo\":{\"@type\":\"ImageObject\",\"inLanguage\":\"fr-FR\",\"@id\":\"https:\/\/cat-sly.com\/#\/schema\/logo\/image\/\",\"url\":\"https:\/\/cat-sly.com\/wp-content\/uploads\/2022\/09\/cropped-logopriginal_catsly.png\",\"contentUrl\":\"https:\/\/cat-sly.com\/wp-content\/uploads\/2022\/09\/cropped-logopriginal_catsly.png\",\"width\":1004,\"height\":1005,\"caption\":\"Cat & Sly International\"},\"image\":{\"@id\":\"https:\/\/cat-sly.com\/#\/schema\/logo\/image\/\"},\"sameAs\":[\"https:\/\/www.facebook.com\/CatSlyInt\",\"https:\/\/www.instagram.com\/cat_sly_international\"]}]}<\/script>\n<!-- \/ Yoast SEO plugin. -->","yoast_head_json":{"title":"Hern\u00f6 Dry Classic - Cat &amp; Sly International","description":"Fabriqu\u00e9 \u00e0 partir de plantes biologiques naturelles et soigneusement s\u00e9lectionn\u00e9es, Hern\u00f6 Dry Gin est un London Dry Gin rond et onctueux dilu\u00e9 \u00e0 40,5% ABV. Il a \u00e9t\u00e9 \u00e9lu \u00ab\u00a0Meilleur London Dry Gin du monde\u00a0\u00bb lors de l\u2019IWSC (International Wine & Spirit Competition), et le \u00ab\u00a0Meilleur Gin & Tonic du monde\u00a0\u00bb.","robots":{"index":"index","follow":"follow","max-snippet":"max-snippet:-1","max-image-preview":"max-image-preview:large","max-video-preview":"max-video-preview:-1"},"canonical":"https:\/\/cat-sly.com\/?product=hoodie-with-logo","og_locale":"fr_FR","og_type":"article","og_title":"Hern\u00f6 Dry Classic - Cat &amp; Sly International","og_description":"Fabriqu\u00e9 \u00e0 partir de plantes biologiques naturelles et soigneusement s\u00e9lectionn\u00e9es, Hern\u00f6 Dry Gin est un London Dry Gin rond et onctueux dilu\u00e9 \u00e0 40,5% ABV. Il a \u00e9t\u00e9 \u00e9lu \u00ab\u00a0Meilleur London Dry Gin du monde\u00a0\u00bb lors de l\u2019IWSC (International Wine & Spirit Competition), et le \u00ab\u00a0Meilleur Gin & Tonic du monde\u00a0\u00bb.","og_url":"https:\/\/cat-sly.com\/?product=hoodie-with-logo","og_site_name":"Cat &amp; Sly International","article_publisher":"https:\/\/www.facebook.com\/CatSlyInt","article_modified_time":"2023-10-31T09:38:54+00:00","og_image":[{"width":696,"height":1265,"url":"http:\/\/cat-sly.com\/wp-content\/uploads\/2023\/03\/herno-dry--e1683554183781.jpg","type":"image\/jpeg"}],"twitter_card":"summary_large_image","twitter_misc":{"Dur\u00e9e de lecture estim\u00e9e":"1 minute"},"schema":{"@context":"https:\/\/schema.org","@graph":[{"@type":"WebPage","@id":"https:\/\/cat-sly.com\/?product=hoodie-with-logo","url":"https:\/\/cat-sly.com\/?product=hoodie-with-logo","name":"Hern\u00f6 Dry Classic - Cat &amp; Sly International","isPartOf":{"@id":"https:\/\/cat-sly.com\/#website"},"datePublished":"2023-03-07T08:45:58+00:00","dateModified":"2023-10-31T09:38:54+00:00","description":"Fabriqu\u00e9 \u00e0 partir de plantes biologiques naturelles et soigneusement s\u00e9lectionn\u00e9es, Hern\u00f6 Dry Gin est un London Dry Gin rond et onctueux dilu\u00e9 \u00e0 40,5% ABV. Il a \u00e9t\u00e9 \u00e9lu \u00ab\u00a0Meilleur London Dry Gin du monde\u00a0\u00bb lors de l\u2019IWSC (International Wine & Spirit Competition), et le \u00ab\u00a0Meilleur Gin & Tonic du monde\u00a0\u00bb.","breadcrumb":{"@id":"https:\/\/cat-sly.com\/?product=hoodie-with-logo#breadcrumb"},"inLanguage":"fr-FR","potentialAction":[{"@type":"ReadAction","target":["https:\/\/cat-sly.com\/?product=hoodie-with-logo"]}]},{"@type":"BreadcrumbList","@id":"https:\/\/cat-sly.com\/?product=hoodie-with-logo#breadcrumb","itemListElement":[{"@type":"ListItem","position":1,"name":"Home","item":"https:\/\/cat-sly.com\/"},{"@type":"ListItem","position":2,"name":"Boutique","item":"https:\/\/cat-sly.com\/?page_id=5754"},{"@type":"ListItem","position":3,"name":"Hern\u00f6 Dry Classic"}]},{"@type":"WebSite","@id":"https:\/\/cat-sly.com\/#website","url":"https:\/\/cat-sly.com\/","name":"Cat & Sly International","description":"Un Go\u00fbt Nordique","publisher":{"@id":"https:\/\/cat-sly.com\/#organization"},"potentialAction":[{"@type":"SearchAction","target":{"@type":"EntryPoint","urlTemplate":"https:\/\/cat-sly.com\/?s={search_term_string}"},"query-input":"required name=search_term_string"}],"inLanguage":"fr-FR"},{"@type":"Organization","@id":"https:\/\/cat-sly.com\/#organization","name":"Cat & Sly International","url":"https:\/\/cat-sly.com\/","logo":{"@type":"ImageObject","inLanguage":"fr-FR","@id":"https:\/\/cat-sly.com\/#\/schema\/logo\/image\/","url":"https:\/\/cat-sly.com\/wp-content\/uploads\/2022\/09\/cropped-logopriginal_catsly.png","contentUrl":"https:\/\/cat-sly.com\/wp-content\/uploads\/2022\/09\/cropped-logopriginal_catsly.png","width":1004,"height":1005,"caption":"Cat & Sly International"},"image":{"@id":"https:\/\/cat-sly.com\/#\/schema\/logo\/image\/"},"sameAs":["https:\/\/www.facebook.com\/CatSlyInt","https:\/\/www.instagram.com\/cat_sly_international"]}]}},"jetpack_sharing_enabled":true,"_links":{"self":[{"href":"https:\/\/cat-sly.com\/index.php?rest_route=\/wp\/v2\/product\/5697"}],"collection":[{"href":"https:\/\/cat-sly.com\/index.php?rest_route=\/wp\/v2\/product"}],"about":[{"href":"https:\/\/cat-sly.com\/index.php?rest_route=\/wp\/v2\/types\/product"}],"replies":[{"embeddable":true,"href":"https:\/\/cat-sly.com\/index.php?rest_route=%2Fwp%2Fv2%2Fcomments&post=5697"}],"wp:featuredmedia":[{"embeddable":true,"href":"https:\/\/cat-sly.com\/index.php?rest_route=\/wp\/v2\/media\/5914"}],"wp:attachment":[{"href":"https:\/\/cat-sly.com\/index.php?rest_route=%2Fwp%2Fv2%2Fmedia&parent=5697"}],"wp:term":[{"taxonomy":"product_cat","embeddable":true,"href":"https:\/\/cat-sly.com\/index.php?rest_route=%2Fwp%2Fv2%2Fproduct_cat&post=5697"},{"taxonomy":"product_tag","embeddable":true,"href":"https:\/\/cat-sly.com\/index.php?rest_route=%2Fwp%2Fv2%2Fproduct_tag&post=5697"}],"curies":[{"name":"wp","href":"https:\/\/api.w.org\/{rel}","templated":true}]}}