{"id":5950,"date":"2023-05-10T17:42:07","date_gmt":"2023-05-10T16:42:07","guid":{"rendered":"https:\/\/cat-sly.com\/?post_type=product&#038;p=5950"},"modified":"2023-10-28T18:01:36","modified_gmt":"2023-10-28T17:01:36","slug":"herno-gin-collection","status":"publish","type":"product","link":"https:\/\/cat-sly.com\/?product=herno-gin-collection","title":{"rendered":"Ginm\u00e4stare* ma\u00eetre du gin &#8211; offre d\u00e9couverte de nos 3 gins"},"content":{"rendered":"<div class=\"elementor-element elementor-element-f095cad e-con-full e-flex e-con e-child\" data-id=\"f095cad\" data-element_type=\"container\" data-settings=\"{&quot;content_width&quot;:&quot;full&quot;,&quot;container_type&quot;:&quot;flex&quot;}\">\n<div class=\"elementor-element elementor-element-e57fc2c elementor-widget elementor-widget-heading\" data-id=\"e57fc2c\" data-element_type=\"widget\" data-widget_type=\"heading.default\">\n<div class=\"elementor-widget-container\">\n<p class=\"elementor-heading-title elementor-size-default\">Ginm\u00e4stare* ma\u00eetre du gin.<br \/>\nPasser d\u2019amateur a maitre connaisseur du gin avec ce paquet de nos 3 gins.<\/p>\n<h2 class=\"elementor-heading-title elementor-size-default\">Hern\u00f6 Dry<\/h2>\n<\/div>\n<\/div>\n<div class=\"elementor-element elementor-element-c457d66 elementor-widget elementor-widget-text-editor\" data-id=\"c457d66\" data-element_type=\"widget\" data-widget_type=\"text-editor.default\">\n<div class=\"elementor-widget-container\">\n<p>Fabriqu\u00e9 \u00e0 partir de plantes biologiques naturelles et soigneusement s\u00e9lectionn\u00e9es, Hern\u00f6 Dry Gin est un London Dry Gin rond et onctueux dilu\u00e9 \u00e0 40,5% ABV. Il a \u00e9t\u00e9 \u00e9lu \u00ab\u00a0Meilleur London Dry Gin du monde\u00a0\u00bb lors de l\u2019IWSC (International Wine &amp; Spirit Competition), et le \u00ab\u00a0Meilleur Gin &amp; Tonic du monde\u00a0\u00bb.<\/p>\n<p>NOTES DE DEGUSTATION<\/p>\n<p>NEZ : Hern\u00f6 Dry Gin a un caract\u00e8re rond compos\u00e9 de gen\u00e9vriers, de notes fra\u00eeches d\u2019agrumes avec une complexit\u00e9 florale.<\/p>\n<p>PALAIS : Une texture riche et l\u00e9g\u00e8rement huileuse caract\u00e9rise Hern\u00f6 Dry Gin. Notes vertes et \u00e9pic\u00e9es fra\u00eeches et croquantes de la coriandre. Une douceur moelleuse associ\u00e9e \u00e0 la vanille et \u00e0 l\u2019\u00e9corce de cassia.<\/p>\n<p>FINITION : Hern\u00f6 Dry Gin s\u2019attarde sur des agrumes et du gen\u00e9vrier de longue dur\u00e9e avec un soup\u00e7on de poivre noir.<\/p>\n<\/div>\n<\/div>\n<\/div>\n<div class=\"elementor-element elementor-element-28d4920 e-con-full e-flex e-con e-child\" data-id=\"28d4920\" data-element_type=\"container\" data-settings=\"{&quot;content_width&quot;:&quot;full&quot;,&quot;container_type&quot;:&quot;flex&quot;}\">\n<div class=\"elementor-element elementor-element-568bcf4 elementor-widget elementor-widget-image\" data-id=\"568bcf4\" data-element_type=\"widget\" data-widget_type=\"image.default\">\n<div class=\"elementor-widget-container\"><\/div>\n<\/div>\n<div class=\"elementor-element elementor-element-91e966f elementor-widget elementor-widget-heading\" data-id=\"91e966f\" data-element_type=\"widget\" data-widget_type=\"heading.default\">\n<div class=\"elementor-widget-container\">\n<h2 class=\"elementor-heading-title elementor-size-default\">Hern\u00f6 Old Tom<\/h2>\n<\/div>\n<\/div>\n<div class=\"elementor-element elementor-element-790f311 elementor-widget elementor-widget-text-editor\" data-id=\"790f311\" data-element_type=\"widget\" data-widget_type=\"text-editor.default\">\n<div class=\"elementor-widget-container\">\n<p>Hern\u00f6 Old Tom Gin est fabriqu\u00e9 \u00e0 partir du m\u00eame gin distill\u00e9 que Hern\u00f6 Gin, mais avec une quantit\u00e9 suppl\u00e9mentaire de reines des pr\u00e8s et d\u2019une touche de sucre. Le tout est dilu\u00e9 \u00e0 43% et ajout\u00e9 dans la distillation. L\u2019\u00e9dulcoration soul\u00e8ve les notes florales, lib\u00e8re une gamme de gen\u00e9vrier et rend le gin encore plus doux.<\/p>\n<p>NOTES DE DEGUSTATION<\/p>\n<p>NEZ : Hern\u00f6 Old Tom Gin est cors\u00e9 avec des notes vives, juteuses de geni\u00e8vre et florales.<\/p>\n<p>PALAIS : Texture super douce avec un l\u00e9ger velout\u00e9 et des notes botaniques. Un bouquet de gen\u00e9vriers, vert et croquant, suivi de notes de fleurs de pin.<\/p>\n<p>FINITION : Une douceur florale combin\u00e9e aux gen\u00e9vriers de longue dur\u00e9e caract\u00e9rise Hern\u00f6 Old Tom Gin.<\/p>\n<\/div>\n<\/div>\n<\/div>\n<div class=\"elementor-element elementor-element-7a742bc e-con-full e-flex e-con e-child\" data-id=\"7a742bc\" data-element_type=\"container\" data-settings=\"{&quot;content_width&quot;:&quot;full&quot;,&quot;container_type&quot;:&quot;flex&quot;}\">\n<div class=\"elementor-element elementor-element-10c82b2 elementor-widget elementor-widget-image\" data-id=\"10c82b2\" data-element_type=\"widget\" data-widget_type=\"image.default\">\n<div class=\"elementor-widget-container\"><\/div>\n<\/div>\n<div class=\"elementor-element elementor-element-c4dcfee elementor-widget elementor-widget-heading\" data-id=\"c4dcfee\" data-element_type=\"widget\" data-widget_type=\"heading.default\">\n<div class=\"elementor-widget-container\">\n<h2 class=\"elementor-heading-title elementor-size-default\">Hern\u00f6 Pink Btl<\/h2>\n<\/div>\n<\/div>\n<div class=\"elementor-element elementor-element-436d61e elementor-widget elementor-widget-text-editor\" data-id=\"436d61e\" data-element_type=\"widget\" data-widget_type=\"text-editor.default\">\n<div class=\"elementor-widget-container\">\n<p>Hern\u00f6 Pink BTL Gin est un London Dry Gin biologique, sans additifs tels que la couleur, les ar\u00f4mes artificiels ou le sucre. Le gin ne devrait pas \u00eatre color\u00e9 comme un gadget marketing. Hern\u00f6 Pink BTL Gin est un gin fruit\u00e9 et floral \u00e0 pr\u00e9dominance de gen\u00e9vrier. Distill\u00e9 avec un total de huit plantes biologiques dont le gen\u00e9vrier, les fraises et les p\u00e9tales de rose. Embouteill\u00e9 \u00e0 42%.<\/p>\n<p>NOTES DE DEGUSTATION<\/p>\n<p>NEZ : Charges de gen\u00e9vrier \u00e0 l\u2019avant, for\u00eat verte croquante. Agrumes frais et fruits rouges, un peu \u00e9pic\u00e9s.<\/p>\n<p>BOUCHE : Attaque florale suivie d\u2019une palette de gen\u00e9vrier s\u00e9veux, de fruits rouges et de coriandre. Un gin aux agrumes avec des \u00e9pices sous-jacentes et du cassia.<\/p>\n<p>FINITION : Les fraises persistent avec des notes de gen\u00e9vrier et d\u2019\u00e9pices, une douce chaleur et une longue teneur en bouche.<\/p>\n<\/div>\n<\/div>\n<\/div>\n","protected":false},"excerpt":{"rendered":"<p>Ginm\u00e4stare* ma\u00eetre du gin<\/p>\n<p>Passer d\u2019amateur \u00e0 ma\u00eetre connaisseur du gin avec ce paquet de nos 3 gins<\/p>\n","protected":false},"featured_media":5091,"comment_status":"open","ping_status":"closed","template":"","meta":{"om_disable_all_campaigns":false,"_mi_skip_tracking":false,"_monsterinsights_sitenote_active":false,"_monsterinsights_sitenote_note":"","_monsterinsights_sitenote_category":0},"product_cat":[117,102],"product_tag":[114,105,104,107,106,108,103,112,109,113],"yoast_head":"<!-- This site is optimized with the Yoast SEO plugin v21.5 - https:\/\/yoast.com\/wordpress\/plugins\/seo\/ -->\n<title>Ginm\u00e4stare* ma\u00eetre du gin - offre d\u00e9couverte de nos 3 gins - Cat &amp; Sly International<\/title>\n<meta name=\"description\" content=\"Ginm\u00e4stare* ma\u00eetre du gin. Passer d\u2019amateur \u00e0 maitre connaisseur du gin avec ce paquet de nos 3 gins Hern\u00f6m la meilleur gin au monde depuis 2015\" \/>\n<meta name=\"robots\" content=\"index, follow, max-snippet:-1, max-image-preview:large, max-video-preview:-1\" \/>\n<link rel=\"canonical\" href=\"https:\/\/cat-sly.com\/?product=herno-gin-collection\" \/>\n<meta property=\"og:locale\" content=\"fr_FR\" \/>\n<meta property=\"og:type\" content=\"article\" \/>\n<meta property=\"og:title\" content=\"Ginm\u00e4stare* ma\u00eetre du gin - offre d\u00e9couverte de nos 3 gins - Cat &amp; Sly International\" \/>\n<meta property=\"og:description\" content=\"Ginm\u00e4stare* ma\u00eetre du gin. Passer d\u2019amateur \u00e0 maitre connaisseur du gin avec ce paquet de nos 3 gins Hern\u00f6m la meilleur gin au monde depuis 2015\" \/>\n<meta property=\"og:url\" content=\"https:\/\/cat-sly.com\/?product=herno-gin-collection\" \/>\n<meta property=\"og:site_name\" content=\"Cat &amp; Sly International\" \/>\n<meta property=\"article:publisher\" content=\"https:\/\/www.facebook.com\/CatSlyInt\" \/>\n<meta property=\"article:modified_time\" content=\"2023-10-28T17:01:36+00:00\" \/>\n<meta property=\"og:image\" content=\"http:\/\/cat-sly.com\/wp-content\/uploads\/2022\/10\/x1000w-SE_OT_PB.jpg\" \/>\n\t<meta property=\"og:image:width\" content=\"1000\" \/>\n\t<meta property=\"og:image:height\" content=\"676\" \/>\n\t<meta property=\"og:image:type\" content=\"image\/jpeg\" \/>\n<meta name=\"twitter:card\" content=\"summary_large_image\" \/>\n<meta name=\"twitter:label1\" content=\"Dur\u00e9e de lecture estim\u00e9e\" \/>\n\t<meta name=\"twitter:data1\" content=\"3 minutes\" \/>\n<script type=\"application\/ld+json\" class=\"yoast-schema-graph\">{\"@context\":\"https:\/\/schema.org\",\"@graph\":[{\"@type\":\"WebPage\",\"@id\":\"https:\/\/cat-sly.com\/?product=herno-gin-collection\",\"url\":\"https:\/\/cat-sly.com\/?product=herno-gin-collection\",\"name\":\"Ginm\u00e4stare* ma\u00eetre du gin - offre d\u00e9couverte de nos 3 gins - Cat &amp; Sly International\",\"isPartOf\":{\"@id\":\"https:\/\/cat-sly.com\/#website\"},\"datePublished\":\"2023-05-10T16:42:07+00:00\",\"dateModified\":\"2023-10-28T17:01:36+00:00\",\"description\":\"Ginm\u00e4stare* ma\u00eetre du gin. Passer d\u2019amateur \u00e0 maitre connaisseur du gin avec ce paquet de nos 3 gins Hern\u00f6m la meilleur gin au monde depuis 2015\",\"breadcrumb\":{\"@id\":\"https:\/\/cat-sly.com\/?product=herno-gin-collection#breadcrumb\"},\"inLanguage\":\"fr-FR\",\"potentialAction\":[{\"@type\":\"ReadAction\",\"target\":[\"https:\/\/cat-sly.com\/?product=herno-gin-collection\"]}]},{\"@type\":\"BreadcrumbList\",\"@id\":\"https:\/\/cat-sly.com\/?product=herno-gin-collection#breadcrumb\",\"itemListElement\":[{\"@type\":\"ListItem\",\"position\":1,\"name\":\"Home\",\"item\":\"https:\/\/cat-sly.com\/\"},{\"@type\":\"ListItem\",\"position\":2,\"name\":\"Boutique\",\"item\":\"https:\/\/cat-sly.com\/?page_id=5754\"},{\"@type\":\"ListItem\",\"position\":3,\"name\":\"Ginm\u00e4stare* ma\u00eetre du gin &#8211; offre d\u00e9couverte de nos 3 gins\"}]},{\"@type\":\"WebSite\",\"@id\":\"https:\/\/cat-sly.com\/#website\",\"url\":\"https:\/\/cat-sly.com\/\",\"name\":\"Cat & Sly International\",\"description\":\"Un Go\u00fbt Nordique\",\"publisher\":{\"@id\":\"https:\/\/cat-sly.com\/#organization\"},\"potentialAction\":[{\"@type\":\"SearchAction\",\"target\":{\"@type\":\"EntryPoint\",\"urlTemplate\":\"https:\/\/cat-sly.com\/?s={search_term_string}\"},\"query-input\":\"required name=search_term_string\"}],\"inLanguage\":\"fr-FR\"},{\"@type\":\"Organization\",\"@id\":\"https:\/\/cat-sly.com\/#organization\",\"name\":\"Cat & Sly International\",\"url\":\"https:\/\/cat-sly.com\/\",\"logo\":{\"@type\":\"ImageObject\",\"inLanguage\":\"fr-FR\",\"@id\":\"https:\/\/cat-sly.com\/#\/schema\/logo\/image\/\",\"url\":\"https:\/\/cat-sly.com\/wp-content\/uploads\/2022\/09\/cropped-logopriginal_catsly.png\",\"contentUrl\":\"https:\/\/cat-sly.com\/wp-content\/uploads\/2022\/09\/cropped-logopriginal_catsly.png\",\"width\":1004,\"height\":1005,\"caption\":\"Cat & Sly International\"},\"image\":{\"@id\":\"https:\/\/cat-sly.com\/#\/schema\/logo\/image\/\"},\"sameAs\":[\"https:\/\/www.facebook.com\/CatSlyInt\",\"https:\/\/www.instagram.com\/cat_sly_international\"]}]}<\/script>\n<!-- \/ Yoast SEO plugin. -->","yoast_head_json":{"title":"Ginm\u00e4stare* ma\u00eetre du gin - offre d\u00e9couverte de nos 3 gins - Cat &amp; Sly International","description":"Ginm\u00e4stare* ma\u00eetre du gin. Passer d\u2019amateur \u00e0 maitre connaisseur du gin avec ce paquet de nos 3 gins Hern\u00f6m la meilleur gin au monde depuis 2015","robots":{"index":"index","follow":"follow","max-snippet":"max-snippet:-1","max-image-preview":"max-image-preview:large","max-video-preview":"max-video-preview:-1"},"canonical":"https:\/\/cat-sly.com\/?product=herno-gin-collection","og_locale":"fr_FR","og_type":"article","og_title":"Ginm\u00e4stare* ma\u00eetre du gin - offre d\u00e9couverte de nos 3 gins - Cat &amp; Sly International","og_description":"Ginm\u00e4stare* ma\u00eetre du gin. Passer d\u2019amateur \u00e0 maitre connaisseur du gin avec ce paquet de nos 3 gins Hern\u00f6m la meilleur gin au monde depuis 2015","og_url":"https:\/\/cat-sly.com\/?product=herno-gin-collection","og_site_name":"Cat &amp; Sly International","article_publisher":"https:\/\/www.facebook.com\/CatSlyInt","article_modified_time":"2023-10-28T17:01:36+00:00","og_image":[{"width":1000,"height":676,"url":"http:\/\/cat-sly.com\/wp-content\/uploads\/2022\/10\/x1000w-SE_OT_PB.jpg","type":"image\/jpeg"}],"twitter_card":"summary_large_image","twitter_misc":{"Dur\u00e9e de lecture estim\u00e9e":"3 minutes"},"schema":{"@context":"https:\/\/schema.org","@graph":[{"@type":"WebPage","@id":"https:\/\/cat-sly.com\/?product=herno-gin-collection","url":"https:\/\/cat-sly.com\/?product=herno-gin-collection","name":"Ginm\u00e4stare* ma\u00eetre du gin - offre d\u00e9couverte de nos 3 gins - Cat &amp; Sly International","isPartOf":{"@id":"https:\/\/cat-sly.com\/#website"},"datePublished":"2023-05-10T16:42:07+00:00","dateModified":"2023-10-28T17:01:36+00:00","description":"Ginm\u00e4stare* ma\u00eetre du gin. Passer d\u2019amateur \u00e0 maitre connaisseur du gin avec ce paquet de nos 3 gins Hern\u00f6m la meilleur gin au monde depuis 2015","breadcrumb":{"@id":"https:\/\/cat-sly.com\/?product=herno-gin-collection#breadcrumb"},"inLanguage":"fr-FR","potentialAction":[{"@type":"ReadAction","target":["https:\/\/cat-sly.com\/?product=herno-gin-collection"]}]},{"@type":"BreadcrumbList","@id":"https:\/\/cat-sly.com\/?product=herno-gin-collection#breadcrumb","itemListElement":[{"@type":"ListItem","position":1,"name":"Home","item":"https:\/\/cat-sly.com\/"},{"@type":"ListItem","position":2,"name":"Boutique","item":"https:\/\/cat-sly.com\/?page_id=5754"},{"@type":"ListItem","position":3,"name":"Ginm\u00e4stare* ma\u00eetre du gin &#8211; offre d\u00e9couverte de nos 3 gins"}]},{"@type":"WebSite","@id":"https:\/\/cat-sly.com\/#website","url":"https:\/\/cat-sly.com\/","name":"Cat & Sly International","description":"Un Go\u00fbt Nordique","publisher":{"@id":"https:\/\/cat-sly.com\/#organization"},"potentialAction":[{"@type":"SearchAction","target":{"@type":"EntryPoint","urlTemplate":"https:\/\/cat-sly.com\/?s={search_term_string}"},"query-input":"required name=search_term_string"}],"inLanguage":"fr-FR"},{"@type":"Organization","@id":"https:\/\/cat-sly.com\/#organization","name":"Cat & Sly International","url":"https:\/\/cat-sly.com\/","logo":{"@type":"ImageObject","inLanguage":"fr-FR","@id":"https:\/\/cat-sly.com\/#\/schema\/logo\/image\/","url":"https:\/\/cat-sly.com\/wp-content\/uploads\/2022\/09\/cropped-logopriginal_catsly.png","contentUrl":"https:\/\/cat-sly.com\/wp-content\/uploads\/2022\/09\/cropped-logopriginal_catsly.png","width":1004,"height":1005,"caption":"Cat & Sly International"},"image":{"@id":"https:\/\/cat-sly.com\/#\/schema\/logo\/image\/"},"sameAs":["https:\/\/www.facebook.com\/CatSlyInt","https:\/\/www.instagram.com\/cat_sly_international"]}]}},"jetpack_sharing_enabled":true,"_links":{"self":[{"href":"https:\/\/cat-sly.com\/index.php?rest_route=\/wp\/v2\/product\/5950"}],"collection":[{"href":"https:\/\/cat-sly.com\/index.php?rest_route=\/wp\/v2\/product"}],"about":[{"href":"https:\/\/cat-sly.com\/index.php?rest_route=\/wp\/v2\/types\/product"}],"replies":[{"embeddable":true,"href":"https:\/\/cat-sly.com\/index.php?rest_route=%2Fwp%2Fv2%2Fcomments&post=5950"}],"wp:featuredmedia":[{"embeddable":true,"href":"https:\/\/cat-sly.com\/index.php?rest_route=\/wp\/v2\/media\/5091"}],"wp:attachment":[{"href":"https:\/\/cat-sly.com\/index.php?rest_route=%2Fwp%2Fv2%2Fmedia&parent=5950"}],"wp:term":[{"taxonomy":"product_cat","embeddable":true,"href":"https:\/\/cat-sly.com\/index.php?rest_route=%2Fwp%2Fv2%2Fproduct_cat&post=5950"},{"taxonomy":"product_tag","embeddable":true,"href":"https:\/\/cat-sly.com\/index.php?rest_route=%2Fwp%2Fv2%2Fproduct_tag&post=5950"}],"curies":[{"name":"wp","href":"https:\/\/api.w.org\/{rel}","templated":true}]}}